{"id":1766,"date":"2019-05-13T16:50:54","date_gmt":"2019-05-13T14:50:54","guid":{"rendered":"http:\/\/stahlmont.pl\/?page_id=1766"},"modified":"2021-08-27T16:26:06","modified_gmt":"2021-08-27T14:26:06","slug":"outsourcing-w-stahl-mont","status":"publish","type":"page","link":"https:\/\/stalmont.biz\/index.php\/outsourcing-w-stahl-mont\/","title":{"rendered":"Outsourcing w Stal-Mont"},"content":{"rendered":"\t\t<div data-elementor-type=\"wp-post\" data-elementor-id=\"1766\" class=\"elementor elementor-1766\">\n\t\t\t\t\t\t\t\t\t<section class=\"elementor-section elementor-top-section elementor-element elementor-element-28bffa82 elementor-section-height-full elementor-section-content-middle elementor-section-stretched elementor-section-boxed elementor-section-height-default elementor-section-items-middle\" data-id=\"28bffa82\" data-element_type=\"section\" data-settings=\"{&quot;background_background&quot;:&quot;classic&quot;,&quot;stretch_section&quot;:&quot;section-stretched&quot;}\">\n\t\t\t\t\t\t\t<div class=\"elementor-background-overlay\"><\/div>\n\t\t\t\t\t\t\t<div class=\"elementor-container elementor-column-gap-default\">\n\t\t\t\t\t<div class=\"elementor-column elementor-col-100 elementor-top-column elementor-element elementor-element-5bb0b81a\" data-id=\"5bb0b81a\" data-element_type=\"column\">\n\t\t\t<div class=\"elementor-widget-wrap elementor-element-populated\">\n\t\t\t\t\t\t\t\t<div class=\"elementor-element elementor-element-3b3530c3 elementor-widget elementor-widget-heading\" data-id=\"3b3530c3\" data-element_type=\"widget\" data-widget_type=\"heading.default\">\n\t\t\t\t<div class=\"elementor-widget-container\">\n\t\t\t<h5 class=\"elementor-heading-title elementor-size-default\">AGENCJA PO\u015aREDNICTWA PRACY<\/h5>\t\t<\/div>\n\t\t\t\t<\/div>\n\t\t\t\t<div class=\"elementor-element elementor-element-44797488 elementor-widget elementor-widget-heading\" data-id=\"44797488\" data-element_type=\"widget\" data-widget_type=\"heading.default\">\n\t\t\t\t<div class=\"elementor-widget-container\">\n\t\t\t<h2 class=\"elementor-heading-title elementor-size-default\">Outsourcing<br\/>w StahlMont<\/h2>\t\t<\/div>\n\t\t\t\t<\/div>\n\t\t\t\t<div class=\"elementor-element elementor-element-eb83e1d elementor-widget elementor-widget-text-editor\" data-id=\"eb83e1d\" data-element_type=\"widget\" data-widget_type=\"text-editor.default\">\n\t\t\t\t<div class=\"elementor-widget-container\">\n\t\t\t\t\t\t\t<p>Tworzenie ofert i zasadniczych koncept\u00f3w. Definiowanie i realizacja plan\u00f3w. Wyb\u00f3r personelu i wdra\u017canie w obowi\u0105zki. Wsparcie i kontrola uzgodnionej w umowie us\u0142ugi. Monitorowanie proces\u00f3w, analizowanie i optymalizowanie wydajno\u015bci przy minimalnych kosztach i zmniejszonych kosztach personelu kadr.<\/p><p>Zaufanie, kt\u00f3re otrzymali\u015bmy, odzwierciedla si\u0119 w zam\u00f3wieniach w ca\u0142ej Europie od 20 lat. Jeste\u015bmy ju\u017c znani na rynku niemieckim.<\/p><p>Pa\u0144stwa zapytanie opracowujemy w spos\u00f3b nowoczesny &#8211; szybko i nieskomplikowanie.<br \/>Oferta jest nieodp\u0142atna i niezobowi\u0105zuj\u0105ca. Je\u015bli zainteresowanie si\u0119 pojawi, ch\u0119tnie przyjedziemy na spotkanie biznesowe do siedziby Pa\u0144stwa firmy, zapraszamy r\u00f3wnie\u017c do S\u0142o\u0144ska.<\/p>\t\t\t\t\t\t<\/div>\n\t\t\t\t<\/div>\n\t\t\t\t\t<\/div>\n\t\t<\/div>\n\t\t\t\t\t\t\t<\/div>\n\t\t<\/section>\n\t\t\t\t\t\t\t<\/div>\n\t\t","protected":false},"excerpt":{"rendered":"<p>AGENCJA PO\u015aREDNICTWA PRACY Outsourcing w Stal-Mont Tworzenie ofert i zasadniczych koncept\u00f3w. Definiowanie i realizacja plan\u00f3w. Wyb\u00f3r personelu i wdra\u017canie w obowi\u0105zki. Wsparcie i kontrola uzgodnionej w umowie us\u0142ugi. Monitorowanie proces\u00f3w, analizowanie i optymalizowanie wydajno\u015bci przy minimalnych kosztach i zmniejszonych kosztach personelu kadr. Zaufanie, kt\u00f3re otrzymali\u015bmy, odzwierciedla si\u0119 w zam\u00f3wieniach w ca\u0142ej Europie od 20 lat. Jeste\u015bmy ju\u017c znani na rynku niemieckim. Pa\u0144stwa zapytanie opracowujemy w spos\u00f3b nowoczesny &#8211; szybko i [&hellip;]<\/p>\n","protected":false},"author":1,"featured_media":0,"parent":0,"menu_order":0,"comment_status":"closed","ping_status":"closed","template":"","meta":{"footnotes":""},"class_list":["post-1766","page","type-page","status-publish","hentry"],"aioseo_notices":[],"_links":{"self":[{"href":"https:\/\/stalmont.biz\/index.php\/wp-json\/wp\/v2\/pages\/1766","targetHints":{"allow":["GET"]}}],"collection":[{"href":"https:\/\/stalmont.biz\/index.php\/wp-json\/wp\/v2\/pages"}],"about":[{"href":"https:\/\/stalmont.biz\/index.php\/wp-json\/wp\/v2\/types\/page"}],"author":[{"embeddable":true,"href":"https:\/\/stalmont.biz\/index.php\/wp-json\/wp\/v2\/users\/1"}],"replies":[{"embeddable":true,"href":"https:\/\/stalmont.biz\/index.php\/wp-json\/wp\/v2\/comments?post=1766"}],"version-history":[{"count":5,"href":"https:\/\/stalmont.biz\/index.php\/wp-json\/wp\/v2\/pages\/1766\/revisions"}],"predecessor-version":[{"id":1880,"href":"https:\/\/stalmont.biz\/index.php\/wp-json\/wp\/v2\/pages\/1766\/revisions\/1880"}],"wp:attachment":[{"href":"https:\/\/stalmont.biz\/index.php\/wp-json\/wp\/v2\/media?parent=1766"}],"curies":[{"name":"wp","href":"https:\/\/api.w.org\/{rel}","templated":true}]}}