{"id":871,"date":"2018-03-07T14:33:56","date_gmt":"2018-03-07T13:33:56","guid":{"rendered":"http:\/\/stahlmont.pl\/index.php\/cookie-policy\/"},"modified":"2018-03-07T15:28:03","modified_gmt":"2018-03-07T14:28:03","slug":"cookie-policy","status":"publish","type":"page","link":"https:\/\/stalmont.biz\/index.php\/cookie-policy\/","title":{"rendered":"Polityka prywatno\u015bci"},"content":{"rendered":"<p>Ta strona wykorzystuje pliki cookie &#8211; ma\u0142e pliki tekstowe, kt\u00f3re umieszczane s\u0105 na Twoim komputerze, aby pom\u00f3c witrynie poprawi\u0107 komfort u\u017cytkowania. Zasadniczo pliki cookie s\u0105 u\u017cywane w celu zachowania preferencji u\u017cytkownika, przechowywania informacji o takich rzeczach, jak koszyki na zakupy oraz dostarczania zanonimizowanych danych \u015bledzenia do aplikacji innych firm, takich jak Google Analytics. Pliki cookie znacznie u\u0142atwiaj\u0105 przegl\u0105danie stron. Mo\u017cesz jednak wy\u0142\u0105czy\u0107 pliki cookie na tej stronie i na innych. Najskuteczniejszym sposobem na to jest wy\u0142\u0105czenie plik\u00f3w cookie w przegl\u0105darce. Sugerujemy skonsultowanie si\u0119 z sekcj\u0105 Pomocy przegl\u0105darki lub przejrzenie strony o ciasteczkach, kt\u00f3ra zawiera wskaz\u00f3wki dla wszystkich nowoczesnych przegl\u0105darek.<\/p>\n","protected":false},"excerpt":{"rendered":"<p>Ta strona wykorzystuje pliki cookie &#8211; ma\u0142e pliki tekstowe, kt\u00f3re umieszczane s\u0105 na Twoim komputerze, aby pom\u00f3c witrynie poprawi\u0107 komfort u\u017cytkowania. Zasadniczo pliki cookie s\u0105 u\u017cywane w celu zachowania preferencji u\u017cytkownika, przechowywania informacji o takich rzeczach, jak koszyki na zakupy oraz dostarczania zanonimizowanych danych \u015bledzenia do aplikacji innych firm, takich jak Google Analytics. Pliki cookie znacznie u\u0142atwiaj\u0105 przegl\u0105danie stron. Mo\u017cesz jednak wy\u0142\u0105czy\u0107 pliki cookie na tej stronie i na innych. [&hellip;]<\/p>\n","protected":false},"author":1,"featured_media":0,"parent":0,"menu_order":0,"comment_status":"closed","ping_status":"closed","template":"","meta":{"footnotes":""},"class_list":["post-871","page","type-page","status-publish","hentry"],"aioseo_notices":[],"_links":{"self":[{"href":"https:\/\/stalmont.biz\/index.php\/wp-json\/wp\/v2\/pages\/871","targetHints":{"allow":["GET"]}}],"collection":[{"href":"https:\/\/stalmont.biz\/index.php\/wp-json\/wp\/v2\/pages"}],"about":[{"href":"https:\/\/stalmont.biz\/index.php\/wp-json\/wp\/v2\/types\/page"}],"author":[{"embeddable":true,"href":"https:\/\/stalmont.biz\/index.php\/wp-json\/wp\/v2\/users\/1"}],"replies":[{"embeddable":true,"href":"https:\/\/stalmont.biz\/index.php\/wp-json\/wp\/v2\/comments?post=871"}],"version-history":[{"count":3,"href":"https:\/\/stalmont.biz\/index.php\/wp-json\/wp\/v2\/pages\/871\/revisions"}],"predecessor-version":[{"id":877,"href":"https:\/\/stalmont.biz\/index.php\/wp-json\/wp\/v2\/pages\/871\/revisions\/877"}],"wp:attachment":[{"href":"https:\/\/stalmont.biz\/index.php\/wp-json\/wp\/v2\/media?parent=871"}],"curies":[{"name":"wp","href":"https:\/\/api.w.org\/{rel}","templated":true}]}}